{"id":2627,"date":"2025-02-10T12:40:19","date_gmt":"2025-02-10T12:40:19","guid":{"rendered":"https:\/\/www.promistech.pl\/?page_id=2627"},"modified":"2025-02-10T13:14:44","modified_gmt":"2025-02-10T13:14:44","slug":"suszarka-pulsofluidyzacyjna-wspomagana-mikrofalami","status":"publish","type":"page","link":"https:\/\/www.promistech.pl\/?page_id=2627","title":{"rendered":"Suszarka pulsofluidyzacyjna wspomagana mikrofalami"},"content":{"rendered":"\n<p><strong>Laboratoryjna suszarka pulsofluidyzacyjna wspomagana mikrofalami<\/strong> to nowoczesne urz\u0105dzenie przeznaczone do efektywnego suszenia larw owad\u00f3w, materia\u0142\u00f3w sypkich (np. ziaren zb\u00f3\u017c), surowc\u00f3w o zwartej strukturze (np. warzywa korzeniowe), a nawet produkt\u00f3w typu <em>petfood<\/em>. Dodatkowo sprawdza si\u0119 w obr\u00f3bce materia\u0142\u00f3w niejadalnych, np. rozdrobnionych tworzyw sztucznych.<\/p>\n\n\n\n<p>W komorze procesowej suszarki powstaje pulsuj\u0105ce z\u0142o\u017ce fluidalne, kt\u00f3re unosz\u0105c materia\u0142, zapewnia r\u00f3wnomierne i skuteczne odparowanie wilgoci. Proces wspomagany jest dzia\u0142aniem mikrofal oraz gor\u0105cego powietrza w obiegu zamkni\u0119tym, co przyspiesza usuwanie wody zar\u00f3wno z warstw powierzchniowych, jak i g\u0142\u0119bszych struktur materia\u0142u. Wraz ze zmniejszaj\u0105c\u0105 si\u0119 wilgotno\u015bci\u0105 suszony materia\u0142 stopniowo unosi si\u0119 coraz wy\u017cej, co umo\u017cliwia jego p\u0142ynne przemieszczanie si\u0119 w kierunku wysypu.<\/p>\n\n\n\n<div class=\"wp-block-columns is-layout-flex wp-container-core-columns-is-layout-9d6595d7 wp-block-columns-is-layout-flex\">\n<div class=\"wp-block-column is-layout-flow wp-block-column-is-layout-flow\" style=\"flex-basis:66%\">\n<p>Konstrukcja urz\u0105dzenia pozwala na prowadzenie procesu w trybie zasypowym oraz ci\u0105g\u0142ym, przy wydajno\u015bci do <strong>10 kg\/h<\/strong>, w zale\u017cno\u015bci od rodzaju surowca i mocy mikrofal. Komora suszarki zosta\u0142a wyposa\u017cona w mo\u017cliwo\u015b\u0107 instalacji specjalnej kamery, kt\u00f3ra umo\u017cliwia bie\u017c\u0105c\u0105 kontrol\u0119 procesu.<\/p>\n\n\n\n<p>Ca\u0142o\u015b\u0107 sterowana jest komputerowo za pomoc\u0105 dedykowanego oprogramowania, kt\u00f3re nie tylko pozwala na precyzyjne zarz\u0105dzanie procesem, ale tak\u017ce rejestruje wszystkie kluczowe parametry. U\u017cytkownik mo\u017ce indywidualnie dostosowa\u0107 takie ustawienia jak <strong>moc mikrofal, czas suszenia, temperatura oraz przep\u0142yw powietrza<\/strong>, co zapewnia pe\u0142n\u0105 kontrol\u0119 nad efektywno\u015bci\u0105 i jako\u015bci\u0105 procesu.<\/p>\n\n\n\n<p class=\"has-text-align-center\"><strong>Parametry techniczne urz\u0105dzenia<\/strong><\/p>\n\n\n\n<figure class=\"wp-block-table\"><table><tbody><tr><td>Max. moc mikrofal<\/td><td>10 kW<\/td><\/tr><tr><td>Cz\u0119stotliwo\u015b\u0107 mikrofal<\/td><td>2,45 GHz<\/td><\/tr><tr><td>Max. temperatura powietrza susz\u0105cego<\/td><td>120 \u00b0C<\/td><\/tr><tr><td>Max. przep\u0142yw powietrza susz\u0105cego<\/td><td>1440 m<sup>3<\/sup>\/h<\/td><\/tr><tr><td>Zasilanie<\/td><td>3 x 400 V AC<\/td><\/tr><\/tbody><\/table><\/figure>\n<\/div>\n\n\n\n<div class=\"wp-block-column is-layout-flow wp-block-column-is-layout-flow\">\n<p class=\"has-text-align-center\"><strong>Galeria<\/strong><\/p>\n\n\n\nngg_shortcode_0_placeholder\n<\/div>\n<\/div>\n\n\n\n<div class=\"wp-block-columns is-layout-flex wp-container-core-columns-is-layout-9d6595d7 wp-block-columns-is-layout-flex\">\n<div class=\"wp-block-column is-layout-flow wp-block-column-is-layout-flow\" style=\"flex-basis:25%\"><\/div>\n\n\n\n<div class=\"wp-block-column is-vertically-aligned-center is-layout-flow wp-block-column-is-layout-flow\" style=\"flex-basis:50%\">\n<div class=\"wp-block-buttons is-content-justification-center is-layout-flex wp-container-core-buttons-is-layout-16018d1d wp-block-buttons-is-layout-flex\">\n<div class=\"wp-block-button\"><a class=\"wp-block-button__link wp-element-button\" href=\"http:\/\/www.promistech.pl\/?page_id=13\">Urz\u0105dzenia laboratoryjne<\/a><\/div>\n<\/div>\n<\/div>\n\n\n\n<div class=\"wp-block-column is-layout-flow wp-block-column-is-layout-flow\" style=\"flex-basis:25%\">\n<div class=\"wp-block-buttons is-content-justification-right is-layout-flex wp-container-core-buttons-is-layout-765c4724 wp-block-buttons-is-layout-flex\">\n<div class=\"wp-block-button\"><a class=\"wp-block-button__link wp-element-button\" href=\"https:\/\/www.promistech.pl\/?page_id=1827\">Nast\u0119pne<\/a><\/div>\n<\/div>\n<\/div>\n<\/div>\n","protected":false},"excerpt":{"rendered":"<p>Laboratoryjna suszarka pulsofluidyzacyjna wspomagana mikrofalami to nowoczesne urz\u0105dzenie przeznaczone do efektywnego suszenia larw owad\u00f3w, materia\u0142\u00f3w sypkich (np. ziaren zb\u00f3\u017c), surowc\u00f3w o zwartej strukturze (np. warzywa korzeniowe), a nawet produkt\u00f3w typu petfood. Dodatkowo sprawdza si\u0119 w obr\u00f3bce materia\u0142\u00f3w niejadalnych, np. rozdrobnionych tworzyw sztucznych. W komorze procesowej suszarki powstaje pulsuj\u0105ce z\u0142o\u017ce fluidalne, kt\u00f3re unosz\u0105c materia\u0142, zapewnia r\u00f3wnomierne i skuteczne odparowanie wilgoci. Proces &hellip; <\/p>\n","protected":false},"author":5,"featured_media":0,"parent":0,"menu_order":0,"comment_status":"closed","ping_status":"closed","template":"","meta":{"_eb_attr":"","ngg_post_thumbnail":0,"footnotes":""},"class_list":["post-2627","page","type-page","status-publish","hentry"],"_links":{"self":[{"href":"https:\/\/www.promistech.pl\/index.php?rest_route=\/wp\/v2\/pages\/2627","targetHints":{"allow":["GET"]}}],"collection":[{"href":"https:\/\/www.promistech.pl\/index.php?rest_route=\/wp\/v2\/pages"}],"about":[{"href":"https:\/\/www.promistech.pl\/index.php?rest_route=\/wp\/v2\/types\/page"}],"author":[{"embeddable":true,"href":"https:\/\/www.promistech.pl\/index.php?rest_route=\/wp\/v2\/users\/5"}],"replies":[{"embeddable":true,"href":"https:\/\/www.promistech.pl\/index.php?rest_route=%2Fwp%2Fv2%2Fcomments&post=2627"}],"version-history":[{"count":5,"href":"https:\/\/www.promistech.pl\/index.php?rest_route=\/wp\/v2\/pages\/2627\/revisions"}],"predecessor-version":[{"id":2636,"href":"https:\/\/www.promistech.pl\/index.php?rest_route=\/wp\/v2\/pages\/2627\/revisions\/2636"}],"wp:attachment":[{"href":"https:\/\/www.promistech.pl\/index.php?rest_route=%2Fwp%2Fv2%2Fmedia&parent=2627"}],"curies":[{"name":"wp","href":"https:\/\/api.w.org\/{rel}","templated":true}]}}