{"id":737,"date":"2019-01-28T17:56:20","date_gmt":"2019-01-28T17:56:20","guid":{"rendered":"http:\/\/www.promistech.pl?page_id=737"},"modified":"2024-05-06T12:53:14","modified_gmt":"2024-05-06T12:53:14","slug":"przetwarzanie-danych-osobowych","status":"publish","type":"page","link":"https:\/\/www.promistech.pl\/?page_id=737","title":{"rendered":"Przetwarzanie danych osobowych"},"content":{"rendered":"<h3 style=\"text-align: center;\">Obowi\u0105zek informacyjny<\/h3>\n<p>Zgodnie z art. 13 ust. 1 i 2 Rozporz\u0105dzenia Parlamentu Europejskiego i Rady (UE) 2016\/679 z dnia 27 kwietnia 2016 r. w sprawie ochrony os\u00f3b fizycznych w zwi\u0105zku z przetwarzaniem danych osobowych i w sprawie swobodnego przep\u0142ywu takich danych oraz uchylenia dyrektywy 95\/46\/WE (og\u00f3lne rozporz\u0105dzenie o ochronie danych) (Dz.U.UE.L.2016.119.1) (zwanego dalej \u201eRODO\u201d) informuj\u0119, i\u017c:<\/p>\n<p><strong>Administratorem<\/strong> Pani\/Pana danych osobowych jest<strong> PROMIS-TECH Sp. z o.o. z siedzib\u0105 we Wroc\u0142awiu przy ul. Danuty Siedzik\u00f3wny 14.<\/strong><\/p>\n<p><strong><br \/>\n<\/strong>W przypadku jakichkolwiek pyta\u0144 lub uwag dotycz\u0105cych przetwarzania Pani\/Pana danych osobowych prosimy o kontakt pod adresem mailowym: <strong>biuro@promistech.pl,<\/strong> tel. 71 344 70 78 lub pisz\u0105c na adres: PROMIS-TECH Sp. z o.o. ul. Danuty Siedzik\u00f3wny 14, 51-214 Wroc\u0142aw, z dopiskiem \u201eRODO\u201d.<br \/>\nAdministrator b\u0119dzie przetwarza\u0107 Pani\/Pana dane osobowe we wskazanym zakresie w celu realizacji prawnie uzasadnionego interesu realizowanego przez Administratora w postaci utrzymania relacji biznesowych, umo\u017cliwiaj\u0105cych kontaktowanie si\u0119 z Pani\u0105\/Panem maj\u0105ce na celu wsp\u00f3\u0142prac\u0119 przy realizowanych zleceniach.<\/p>\n<p>Przetwarzanie Pani\/Pana danych osobowych opiera si\u0119 na:<\/p>\n<p>-zawarciu i wykonaniu umowy\/zlecenia;<\/p>\n<p>-obowi\u0105zkach wynikaj\u0105cych z prawa (zwi\u0105zanych z prowadzeniem ksi\u0105g rachunkowych i dokumentacji podatkowej);<\/p>\n<p>-ustaleniu, dochodzeniu lub obrony roszcze\u0144;<\/p>\n<p>Pani\/Pana\/ dane osobowe nie b\u0119d\u0105 udost\u0119pniane w \u017caden spos\u00f3b innym podmiotom za wyj\u0105tkiem:<br \/>\n&#8211; podmiotom uprawnionym na podstawie przepis\u00f3w prawa;<br \/>\n&#8211; firmy prowadz\u0105cej Administratorowi dokumentacje rachunkowo-ksi\u0119gow\u0105 (w zakresie prawa podatkowego, ksi\u0119gowo-rachunkowego).<\/p>\n<p>Administrator nie planuje przekazywania Pani\/Pana danych osobowych do odbiorc\u00f3w zlokalizowanych poza Europejskim Obszarem Gospodarczym (kraje Unii Europejskiej oraz Islandia, Norwegia i Liechtenstein) i organizacji mi\u0119dzynarodowych.<\/p>\n<p>Pani\/Pana dane osobowe b\u0119d\u0105 przechowywane w okresie utrzymania relacji biznesowych, przez okres wymagany &nbsp;przepisami prawa w zakresie przechowywania dokumentacji ksi\u0119gowej i podatkowej lub przez okres przedawnienia roszcze\u0144 okre\u015blony w przepisach prawa.<\/p>\n<p>Przys\u0142uguje Pani\/Pan prawo dost\u0119pu do tre\u015bci swoich danych, prawo sprostowania danych nieprawid\u0142owych i uzupe\u0142niania danych niekompletnych oraz prawo do ograniczenia przetwarzania, prawo sprzeciwu wobec operacji przetwarzania danych osobowych, prawo do \u017c\u0105dania niezw\u0142ocznego usuni\u0119cia danych osobowych ze zbior\u00f3w prowadzonych przez Administratora<\/p>\n<p>Przys\u0142uguje Pani\/Panu prawo wniesienia skargi do Prezesa Urz\u0119du Ochrony Danych Osobowych, w przypadku przetwarzania danych osobowych w spos\u00f3b naruszaj\u0105cy przepisy powszechnie obowi\u0105zuj\u0105cego prawa.<\/p>\n<p>Podanie przez Pani\u0105\/Pana danych osobowych jest dobrowolne, ale niezb\u0119dne w celach zwi\u0105zanych z zawarciem i realizacj\u0105 umowy\/zlecenia.<\/p>\n<p>Pani\/Pana dane osobowe nie b\u0119d\u0105 przetwarzane w procesie zautomatyzowanego podejmowania decyzji (bez udzia\u0142u cz\u0142owieka), w tym &nbsp;profilowania.<\/p>\n","protected":false},"excerpt":{"rendered":"<p>Obowi\u0105zek informacyjny Zgodnie z art. 13 ust. 1 i 2 Rozporz\u0105dzenia Parlamentu Europejskiego i Rady (UE) 2016\/679 z dnia 27 kwietnia 2016 r. w sprawie ochrony os\u00f3b fizycznych w zwi\u0105zku z przetwarzaniem danych osobowych i w sprawie swobodnego przep\u0142ywu takich danych oraz uchylenia dyrektywy 95\/46\/WE (og\u00f3lne rozporz\u0105dzenie o ochronie danych) (Dz.U.UE.L.2016.119.1) (zwanego dalej \u201eRODO\u201d) informuj\u0119, i\u017c: Administratorem Pani\/Pana danych osobowych &hellip; <\/p>\n","protected":false},"author":2,"featured_media":0,"parent":0,"menu_order":0,"comment_status":"closed","ping_status":"closed","template":"","meta":{"_eb_attr":"","ngg_post_thumbnail":0,"footnotes":""},"class_list":["post-737","page","type-page","status-publish","hentry"],"_links":{"self":[{"href":"https:\/\/www.promistech.pl\/index.php?rest_route=\/wp\/v2\/pages\/737","targetHints":{"allow":["GET"]}}],"collection":[{"href":"https:\/\/www.promistech.pl\/index.php?rest_route=\/wp\/v2\/pages"}],"about":[{"href":"https:\/\/www.promistech.pl\/index.php?rest_route=\/wp\/v2\/types\/page"}],"author":[{"embeddable":true,"href":"https:\/\/www.promistech.pl\/index.php?rest_route=\/wp\/v2\/users\/2"}],"replies":[{"embeddable":true,"href":"https:\/\/www.promistech.pl\/index.php?rest_route=%2Fwp%2Fv2%2Fcomments&post=737"}],"version-history":[{"count":6,"href":"https:\/\/www.promistech.pl\/index.php?rest_route=\/wp\/v2\/pages\/737\/revisions"}],"predecessor-version":[{"id":2347,"href":"https:\/\/www.promistech.pl\/index.php?rest_route=\/wp\/v2\/pages\/737\/revisions\/2347"}],"wp:attachment":[{"href":"https:\/\/www.promistech.pl\/index.php?rest_route=%2Fwp%2Fv2%2Fmedia&parent=737"}],"curies":[{"name":"wp","href":"https:\/\/api.w.org\/{rel}","templated":true}]}}